{"id":7792,"date":"2023-11-10T12:13:18","date_gmt":"2023-11-10T11:13:18","guid":{"rendered":"https:\/\/aseasyas.de\/wordpress\/?page_id=7792"},"modified":"2024-04-29T09:59:03","modified_gmt":"2024-04-29T07:59:03","slug":"faq","status":"publish","type":"page","link":"https:\/\/aseasyas.de\/wordpress\/faq\/","title":{"rendered":"FAQ"},"content":{"rendered":"<p>[et_pb_section fb_built=&#8220;1&#8243; _builder_version=&#8220;4.24.3&#8243; _module_preset=&#8220;default&#8220; background_color=&#8220;RGBA(255,255,255,0)&#8220; background_image=&#8220;https:\/\/aseasyas.de\/wordpress\/wp-content\/uploads\/2024\/04\/Header-Fadein-FAQ.jpg&#8220; background_position=&#8220;center_right&#8220; background_horizontal_offset=&#8220;11%&#8220; module_alignment=&#8220;center&#8220; custom_padding=&#8220;36px||5px||false|false&#8220; global_colors_info=&#8220;{}&#8220;][et_pb_row column_structure=&#8220;3_5,2_5&#8243; _builder_version=&#8220;4.24.3&#8243; _module_preset=&#8220;default&#8220; max_width=&#8220;1000px&#8220; module_alignment=&#8220;center&#8220; custom_padding=&#8220;||17px|||&#8220; global_colors_info=&#8220;{}&#8220;][et_pb_column type=&#8220;3_5&#8243; _builder_version=&#8220;4.24.2&#8243; _module_preset=&#8220;default&#8220; global_colors_info=&#8220;{}&#8220;][et_pb_text _builder_version=&#8220;4.24.2&#8243; _module_preset=&#8220;ccd62856-49da-442e-abf8-5d4970014547&#8243; header_font_size=&#8220;70px&#8220; header_2_font=&#8220;Quicksand||||||||&#8220; header_2_font_size=&#8220;36px&#8220; header_3_font=&#8220;Quicksand||||||||&#8220; header_3_line_height=&#8220;1.2em&#8220; background_layout=&#8220;dark&#8220; min_height=&#8220;144px&#8220; header_font_tablet=&#8220;&#8220; header_font_phone=&#8220;&#8220; header_font_last_edited=&#8220;on|phone&#8220; header_font_size_tablet=&#8220;60px&#8220; header_font_size_phone=&#8220;42px&#8220; header_font_size_last_edited=&#8220;on|tablet&#8220; header_2_font_size_tablet=&#8220;15px&#8220; header_2_font_size_phone=&#8220;24px&#8220; header_2_font_size_last_edited=&#8220;on|phone&#8220; locked=&#8220;off&#8220; global_colors_info=&#8220;{}&#8220;]<\/p>\n<h1>F.A.Q.<\/h1>\n<h2>Hier findest du Antworten auf deine Fragen<\/h2>\n<p>[\/et_pb_text][\/et_pb_column][et_pb_column type=&#8220;2_5&#8243; _builder_version=&#8220;4.24.2&#8243; _module_preset=&#8220;default&#8220; global_colors_info=&#8220;{}&#8220;][\/et_pb_column][\/et_pb_row][\/et_pb_section][et_pb_section fb_built=&#8220;1&#8243; _builder_version=&#8220;4.24.3&#8243; _module_preset=&#8220;default&#8220; background_color=&#8220;RGBA(255,255,255,0)&#8220; module_alignment=&#8220;center&#8220; custom_padding=&#8220;3px||25px|||&#8220; global_colors_info=&#8220;{}&#8220;][et_pb_row _builder_version=&#8220;4.24.3&#8243; _module_preset=&#8220;default&#8220; max_width=&#8220;1000px&#8220; module_alignment=&#8220;center&#8220; custom_padding=&#8220;||1px|||&#8220; global_colors_info=&#8220;{}&#8220;][et_pb_column type=&#8220;4_4&#8243; _builder_version=&#8220;4.23.1&#8243; _module_preset=&#8220;default&#8220; global_colors_info=&#8220;{}&#8220;][et_pb_text _builder_version=&#8220;4.24.3&#8243; _module_preset=&#8220;default&#8220; custom_margin=&#8220;-1px|||||&#8220; global_colors_info=&#8220;{}&#8220;]<\/p>\n<h2>Fragen zum Kauf: Soll ich oder soll ich nicht?<\/h2>\n<p>[\/et_pb_text][et_pb_accordion open_toggle_background_color=&#8220;#FFF1E6&#8243; closed_toggle_text_color=&#8220;#104657&#8243; closed_toggle_background_color=&#8220;#FFF1E6&#8243; toggle_icon=&#8220;&#xe046;||divi||400&#8243; icon_color=&#8220;#676770&#8243; _builder_version=&#8220;4.24.3&#8243; _module_preset=&#8220;default&#8220; toggle_font=&#8220;Quicksand|600|||||||&#8220; toggle_text_align=&#8220;justify&#8220; toggle_font_size=&#8220;21px&#8220; closed_toggle_font=&#8220;Quicksand||||||||&#8220; body_font_size=&#8220;16px&#8220; background_enable_color=&#8220;off&#8220; max_width=&#8220;1000px&#8220; module_alignment=&#8220;center&#8220; custom_margin=&#8220;0px||||false|false&#8220; border_color_all=&#8220;#676770&#8243; global_colors_info=&#8220;{}&#8220;][et_pb_accordion_item title=&#8220;Wenn du dir noch nicht ganz sicher bist&#8230;&#8220; open=&#8220;on&#8220; _builder_version=&#8220;4.24.3&#8243; _module_preset=&#8220;default&#8220; global_colors_info=&#8220;{}&#8220; toggle_text_align=&#8220;left&#8220;]<\/p>\n<p><iframe loading=\"lazy\" title=\"So triffst du gute Kaufentscheidungen\" src=\"https:\/\/player.vimeo.com\/video\/930583691?dnt=1&amp;app_id=122963\" width=\"1080\" height=\"608\" frameborder=\"0\" allow=\"autoplay; fullscreen; picture-in-picture; clipboard-write\"><\/iframe><\/p>\n<p>[\/et_pb_accordion_item][\/et_pb_accordion][\/et_pb_column][\/et_pb_row][et_pb_row _builder_version=&#8220;4.24.3&#8243; _module_preset=&#8220;default&#8220; max_width=&#8220;1000px&#8220; module_alignment=&#8220;center&#8220; global_colors_info=&#8220;{}&#8220;][et_pb_column type=&#8220;4_4&#8243; _builder_version=&#8220;4.23.1&#8243; _module_preset=&#8220;default&#8220; global_colors_info=&#8220;{}&#8220;][et_pb_text _builder_version=&#8220;4.24.3&#8243; _module_preset=&#8220;default&#8220; custom_margin=&#8220;60px|||||&#8220; global_colors_info=&#8220;{}&#8220;]<\/p>\n<h2>Fragen rund um die App<\/h2>\n<p>[\/et_pb_text][\/et_pb_column][\/et_pb_row][et_pb_row _builder_version=&#8220;4.24.3&#8243; _module_preset=&#8220;default&#8220; max_width=&#8220;1000px&#8220; module_alignment=&#8220;center&#8220; global_colors_info=&#8220;{}&#8220;][et_pb_column type=&#8220;4_4&#8243; _builder_version=&#8220;4.23.1&#8243; _module_preset=&#8220;default&#8220; global_colors_info=&#8220;{}&#8220;][et_pb_accordion open_toggle_background_color=&#8220;#FFF1E6&#8243; closed_toggle_text_color=&#8220;#104657&#8243; closed_toggle_background_color=&#8220;#FFF1E6&#8243; toggle_icon=&#8220;&#xe046;||divi||400&#8243; icon_color=&#8220;#676770&#8243; _builder_version=&#8220;4.24.3&#8243; _module_preset=&#8220;default&#8220; toggle_font=&#8220;Quicksand|600|||||||&#8220; toggle_text_align=&#8220;justify&#8220; toggle_font_size=&#8220;21px&#8220; closed_toggle_font=&#8220;Quicksand||||||||&#8220; body_font_size=&#8220;16px&#8220; background_enable_color=&#8220;off&#8220; custom_margin=&#8220;0px||||false|false&#8220; border_color_all=&#8220;#676770&#8243; global_colors_info=&#8220;{}&#8220;][et_pb_accordion_item title=&#8220;Wo kann ich meinen Kurs anschauen?&#8220; open=&#8220;on&#8220; _builder_version=&#8220;4.23.1&#8243; _module_preset=&#8220;default&#8220; global_colors_info=&#8220;{}&#8220; toggle_text_align=&#8220;left&#8220;]<\/p>\n<p>Alle unsere Kurse bekommst du direkt in einer App auf deinem Handy. Schau dir dazu unser am besten unser Video an. Das findest du <a href=\"https:\/\/www.aseasyas.de\/wordpress\/checkoutseite\" target=\"_blank\" rel=\"noopener\">hier<\/a>. Wenn du keine App nutzen m\u00f6chtest, kannst du dich \u00fcber deinen Computer oder Laptop ganz einfach \u00fcber <a href=\"http:\/\/www.nudge-coach.com\/clients\">www.clients.nudgecoach.com<\/a>\u00a0einloggen.<\/p>\n<p>[\/et_pb_accordion_item][et_pb_accordion_item title=&#8220;Brauche ich zwingend die App um meine Kurse anzuschauen?&#8220; _builder_version=&#8220;4.23.1&#8243; _module_preset=&#8220;default&#8220; global_colors_info=&#8220;{}&#8220; toggle_text_align=&#8220;left&#8220; open=&#8220;off&#8220;]<\/p>\n<p>Nein. Die App ist zwar praktisch, weil du so immer und \u00fcberall auf deine Kurse zugreifen kannst. Du kannst aber auch \u00fcber deinen Computer oder Laptop auf die Kurse zugreifen. Verwende daf\u00fcr diesen Link: <a href=\"http:\/\/www.clients.nudgecoach.com\">www.clients.nudgecoach.com<\/a><\/p>\n<p>[\/et_pb_accordion_item][et_pb_accordion_item title=&#8220;Ich habe die App, aber mein Kurs wird nicht angezeigt. Was muss ich machen?&#8220; _builder_version=&#8220;4.23.1&#8243; _module_preset=&#8220;default&#8220; global_colors_info=&#8220;{}&#8220; toggle_text_align=&#8220;left&#8220; open=&#8220;off&#8220;]<\/p>\n<p>Mit dem Kauf deines Kurses hast du von Nudge Support eine E-Mail bekommen, in der deine pers\u00f6nliche Invite-ID zum Kurs steht. Gehe in der App auf dein Profil (unten rechts) und gebe dort unter &#8222;Enter an Invite-ID&#8220; deine pers\u00f6nliche Invite-ID ein. Schau&#8216; dir auch gerne <a href=\"https:\/\/www.aseasyas.de\/wordpress\/checkoutseite\" target=\"_blank\" rel=\"noopener\">hier<\/a> nochmal das Erkl\u00e4rvideo dazu an.<\/p>\n<p>[\/et_pb_accordion_item][et_pb_accordion_item title=&#8220;Wie bekomme ich die App?&#8220; _builder_version=&#8220;4.24.3&#8243; _module_preset=&#8220;default&#8220; global_colors_info=&#8220;{}&#8220; toggle_text_align=&#8220;left&#8220; open=&#8220;off&#8220;]<\/p>\n<p>Um unsere Kurse auf dem Handy anschauen zu k\u00f6nnen, musst du dir zuerst in deinem App-Store die Nudge Coach App runterladen. Anschlie\u00dfend legst du unter &#8222;I&#8217;m new&#8220; einen Log-In an und gibts unseren Plattform-Zugang AS-EASY-AS an. Schau&#8216; dir auch gerne <a href=\"https:\/\/www.aseasyas.de\/wordpress\/checkoutseite\" target=\"_blank\" rel=\"noopener\">hier<\/a> unser Ekl\u00e4rvideo dazu an.<\/p>\n<p>[\/et_pb_accordion_item][\/et_pb_accordion][et_pb_accordion open_toggle_background_color=&#8220;#FFF1E6&#8243; closed_toggle_text_color=&#8220;#104657&#8243; closed_toggle_background_color=&#8220;#FFF1E6&#8243; toggle_icon=&#8220;&#xe046;||divi||400&#8243; icon_color=&#8220;#676770&#8243; _builder_version=&#8220;4.25.0&#8243; _module_preset=&#8220;default&#8220; toggle_font=&#8220;Quicksand|600|||||||&#8220; toggle_text_align=&#8220;justify&#8220; toggle_font_size=&#8220;21px&#8220; closed_toggle_font=&#8220;Quicksand||||||||&#8220; body_font_size=&#8220;16px&#8220; background_enable_color=&#8220;off&#8220; custom_margin=&#8220;0px||||false|false&#8220; hover_enabled=&#8220;0&#8243; border_color_all=&#8220;#676770&#8243; global_colors_info=&#8220;{}&#8220; sticky_enabled=&#8220;0&#8243;][et_pb_accordion_item title=&#8220;Wo gebe ich meine Invite-ID in der App ein?&#8220; open=&#8220;on&#8220; _builder_version=&#8220;4.23.1&#8243; _module_preset=&#8220;default&#8220; global_colors_info=&#8220;{}&#8220; toggle_text_align=&#8220;left&#8220;]<\/p>\n<p>In der App findest du unten rechts deinen Account. Dort kannst du unter &#8222;Enter an Invite-ID&#8220; deine pers\u00f6nliche Invite-ID eingeben und schon ist dein Kurs freigeschaltet.<\/p>\n<p>[\/et_pb_accordion_item][et_pb_accordion_item title=&#8220;Wo finde ich meine Invite-ID?&#8220; _builder_version=&#8220;4.23.1&#8243; _module_preset=&#8220;default&#8220; global_colors_info=&#8220;{}&#8220; toggle_text_align=&#8220;left&#8220; open=&#8220;off&#8220;]<\/p>\n<p>Beim Kauf deines Kurses hast du von Nudge Support eine E-Mail mit deiner pers\u00f6nlichen Invite-ID bekommen. Schau&#8216; auch in deinen Spam-Ordner, ob sie vielleicht dort gelandet ist.<\/p>\n<p>[\/et_pb_accordion_item][et_pb_accordion_item title=&#8220;Warum werden mir nicht alle Inhalte des Kurses angezeigt?&#8220; _builder_version=&#8220;4.24.3&#8243; _module_preset=&#8220;default&#8220; global_colors_info=&#8220;{}&#8220; toggle_text_align=&#8220;left&#8220; open=&#8220;off&#8220;]<\/p>\n<p>Unsere Kurse sind so aufgebaut, dass du Tag f\u00fcr Tag neue Kursbausteine geschickt bekommst. Das hat den Vorteil, dass du Zeit hast die einzelnen Inhalte zu reflektieren und dein Unterbewusstsein, die neuen Informationen besser verarbeiten kann. So hast du nachweislich mehr davon.<\/p>\n<p>[\/et_pb_accordion_item][et_pb_accordion_item title=&#8220;Wer sieht meine Antworten?&#8220; _builder_version=&#8220;4.25.0&#8243; _module_preset=&#8220;default&#8220; hover_enabled=&#8220;0&#8243; sticky_enabled=&#8220;0&#8243;]<\/p>\n<p>Die Antworten, die du bei den \u00dcbungen und Reflexionsfragen direkt in der App eingeben kannst, sind f\u00fcr dich 1 Jahr in der App sichtbar. Sie werden von Nudge gem\u00e4\u00df den Sicherheitsstandards f\u00fcr personenbezogene medizinische Daten gespeichert. L\u00f6scht du deinen Account werden alle deine Daten automatisch gel\u00f6scht.<\/p>\n<p>[\/et_pb_accordion_item][\/et_pb_accordion][\/et_pb_column][\/et_pb_row][et_pb_row _builder_version=&#8220;4.24.3&#8243; _module_preset=&#8220;default&#8220; max_width=&#8220;1000px&#8220; module_alignment=&#8220;center&#8220; global_colors_info=&#8220;{}&#8220;][et_pb_column type=&#8220;4_4&#8243; _builder_version=&#8220;4.23.1&#8243; _module_preset=&#8220;default&#8220; global_colors_info=&#8220;{}&#8220;][et_pb_text _builder_version=&#8220;4.24.3&#8243; _module_preset=&#8220;default&#8220; custom_margin=&#8220;60px|||||&#8220; global_colors_info=&#8220;{}&#8220;]<\/p>\n<h2>Fragen zu aseasyas<\/h2>\n<p>[\/et_pb_text][\/et_pb_column][\/et_pb_row][et_pb_row _builder_version=&#8220;4.24.3&#8243; _module_preset=&#8220;default&#8220; max_width=&#8220;1000px&#8220; module_alignment=&#8220;center&#8220; custom_padding=&#8220;2px|||||&#8220; global_colors_info=&#8220;{}&#8220;][et_pb_column type=&#8220;4_4&#8243; _builder_version=&#8220;4.23.1&#8243; _module_preset=&#8220;default&#8220; global_colors_info=&#8220;{}&#8220;][et_pb_accordion open_toggle_background_color=&#8220;#FFF1E6&#8243; closed_toggle_text_color=&#8220;#104657&#8243; closed_toggle_background_color=&#8220;#FFF1E6&#8243; toggle_icon=&#8220;&#xe046;||divi||400&#8243; icon_color=&#8220;#676770&#8243; _builder_version=&#8220;4.24.3&#8243; _module_preset=&#8220;default&#8220; toggle_font=&#8220;Quicksand|600|||||||&#8220; toggle_text_align=&#8220;justify&#8220; toggle_font_size=&#8220;21px&#8220; closed_toggle_font=&#8220;Quicksand||||||||&#8220; body_font_size=&#8220;16px&#8220; background_enable_color=&#8220;off&#8220; custom_margin=&#8220;0px||||false|false&#8220; border_color_all=&#8220;#676770&#8243; global_colors_info=&#8220;{}&#8220;][et_pb_accordion_item title=&#8220;Was ist as easy as?&#8220; open=&#8220;on&#8220; _builder_version=&#8220;4.24.2&#8243; _module_preset=&#8220;default&#8220; global_colors_info=&#8220;{}&#8220;]<\/p>\n<p><em>as easy as<\/em> ist eine appbasierte Plattform auf der du alles rund um Universum, Manifestieren, Energie &amp; Co. lernen kannst. Lebensnah, ohne Eso und Hokuspokus. Wir empfehlen unseren Kurs <em>Lucky You<\/em> als Einstieg. <\/p>\n<p>[\/et_pb_accordion_item][et_pb_accordion_item title=&#8220;Wie kann ich as easy as weiterempfehlen?&#8220; _builder_version=&#8220;4.24.2&#8243; _module_preset=&#8220;default&#8220; global_colors_info=&#8220;{}&#8220; open=&#8220;off&#8220;]<\/p>\n<p>Wir freuen uns \u00fcber jeden der <em>as easy as<\/em> weiterempfiehlt. Du kannst gerne auf unserer Umfrage aufmerksam machenund dazu unsere Homepage <a href=\"http:\/\/www.aseasyas.com\">www.aseasyas.de<\/a> weitergeben.<\/p>\n<p>[\/et_pb_accordion_item][\/et_pb_accordion][et_pb_accordion open_toggle_background_color=&#8220;#FFF1E6&#8243; closed_toggle_text_color=&#8220;#104657&#8243; closed_toggle_background_color=&#8220;#FFF1E6&#8243; toggle_icon=&#8220;&#xe046;||divi||400&#8243; icon_color=&#8220;#676770&#8243; _builder_version=&#8220;4.24.3&#8243; _module_preset=&#8220;default&#8220; toggle_font=&#8220;Quicksand|600|||||||&#8220; toggle_text_align=&#8220;justify&#8220; toggle_font_size=&#8220;21px&#8220; closed_toggle_font=&#8220;Quicksand||||||||&#8220; body_font_size=&#8220;16px&#8220; background_enable_color=&#8220;off&#8220; custom_margin=&#8220;0px||||false|false&#8220; border_color_all=&#8220;#676770&#8243; global_colors_info=&#8220;{}&#8220;][et_pb_accordion_item title=&#8220;Mit welchem Kurs sollte ich anfangen?&#8220; _builder_version=&#8220;4.24.2&#8243; _module_preset=&#8220;default&#8220; global_colors_info=&#8220;{}&#8220; open=&#8220;on&#8220;]<\/p>\n<p>Du kannst dich intuitiv f\u00fcr einen Kurs entscheiden, der dich gerade am meisten anspricht. Falls dir das schwer f\u00e4llt, dann empfehlen wir dir mit dem Kurs <em>Lucky You<\/em>\u00a0anzufangen.<\/p>\n<p>[\/et_pb_accordion_item][et_pb_accordion_item title=&#8220;Wie erfahre ich von neuen Kursen und Events?&#8220; open=&#8220;off&#8220; _builder_version=&#8220;4.24.2&#8243; _module_preset=&#8220;default&#8220; global_colors_info=&#8220;{}&#8220;]<\/p>\n<p>Sofern du schon die App hast, bekommst du dort automatisch die Information \u00fcber neue Kurse und Events. Wichtig ist, dass du in den Einstellungen deines Handys die Benachrichtigungen f\u00fcr die Nudge App aktiviert hast.<\/p>\n<p>Sofern du noch keinen Zugang zur App hast, kannst du unseren Newsletter abonieren. Dort informieren wir ebenfalls \u00fcber neue Kurse und Events. Hier geht&#8217;s zur Anmeldung: <a href=\"https:\/\/www.aseasyas.de\/wordpress\/newsletter-von-as-easy-as\">LINK<\/a><\/p>\n<p>[\/et_pb_accordion_item][\/et_pb_accordion][\/et_pb_column][\/et_pb_row][et_pb_row _builder_version=&#8220;4.24.3&#8243; _module_preset=&#8220;default&#8220; max_width=&#8220;1000px&#8220; module_alignment=&#8220;center&#8220; global_colors_info=&#8220;{}&#8220;][et_pb_column type=&#8220;4_4&#8243; _builder_version=&#8220;4.23.1&#8243; _module_preset=&#8220;default&#8220; global_colors_info=&#8220;{}&#8220;][et_pb_text _builder_version=&#8220;4.24.3&#8243; _module_preset=&#8220;default&#8220; custom_margin=&#8220;60px|||||&#8220; global_colors_info=&#8220;{}&#8220;]<\/p>\n<h2>Fragen zu Rechnung, Stornierung und Co.<\/h2>\n<p>[\/et_pb_text][\/et_pb_column][\/et_pb_row][et_pb_row _builder_version=&#8220;4.24.3&#8243; _module_preset=&#8220;default&#8220; max_width=&#8220;1000px&#8220; module_alignment=&#8220;center&#8220; custom_padding=&#8220;3px|||||&#8220; global_colors_info=&#8220;{}&#8220;][et_pb_column type=&#8220;4_4&#8243; _builder_version=&#8220;4.23.1&#8243; _module_preset=&#8220;default&#8220; global_colors_info=&#8220;{}&#8220;][et_pb_accordion open_toggle_background_color=&#8220;#FFF1E6&#8243; closed_toggle_text_color=&#8220;#104657&#8243; closed_toggle_background_color=&#8220;#FFF1E6&#8243; toggle_icon=&#8220;&#xe046;||divi||400&#8243; icon_color=&#8220;#676770&#8243; _builder_version=&#8220;4.24.3&#8243; _module_preset=&#8220;default&#8220; toggle_font=&#8220;Quicksand|600|||||||&#8220; toggle_text_align=&#8220;justify&#8220; toggle_font_size=&#8220;21px&#8220; closed_toggle_font=&#8220;Quicksand||||||||&#8220; body_font_size=&#8220;16px&#8220; background_enable_color=&#8220;off&#8220; custom_margin=&#8220;0px||||false|false&#8220; border_color_all=&#8220;#676770&#8243; global_colors_info=&#8220;{}&#8220;][et_pb_accordion_item title=&#8220;Wo finde ich die Rechnung zu meinem Kurs?&#8220; open=&#8220;on&#8220; _builder_version=&#8220;4.23.1&#8243; _module_preset=&#8220;default&#8220; global_colors_info=&#8220;{}&#8220;]<\/p>\n<p>Mit dem Kauf deines Kurses hast du von unserem Zahlungsanbieter Stripe eine Rechnung erhalten. Bitte pr\u00fcfe dazu dein E-Mail Postfach und dein Spamordner. Wenn du ein Stripe Account angelegt hast, findest du deine Rechnungen auch dort. Wir bitten dich um Verst\u00e4ndnis, dass wir Rechnungen nicht nochmal separat versenden.<\/p>\n<p>[\/et_pb_accordion_item][et_pb_accordion_item title=&#8220;Der Kurs ist nicht das was ich mir vorgestellt habe. Wie bekomme ich mein Geld zur\u00fcck?&#8220; _builder_version=&#8220;4.23.1&#8243; _module_preset=&#8220;default&#8220; global_colors_info=&#8220;{}&#8220; open=&#8220;off&#8220;]<\/p>\n<p>F\u00fcr digitale Produkt, auf die du sofort nach dem Kauf vollen Zugriff hast, besteht kein Widerspruchsrecht.\u00a0 F\u00fcr Produkte und Kurse, die du noch nicht in vollem Umfang erhalten hast, k\u00f6nnen die Kosten anteilig zur\u00fcckerstattet werden.\u00a0<\/p>\n<p>Uns ist es wichtig, dass du keinen Unmut oder \u00c4rger mit dir herum tr\u00e4gst. Sollte diese Regelung f\u00fcr dich nicht passen, finden wir f\u00fcr dich eine individuelle L\u00f6sung. Bitte kontaktiere uns dazu direkt \u00fcber <a href=\"mailto:hallo@aseasyas.de\">hallo@aseasyas.de<\/a><\/p>\n<p>Weitere Informationen findest du auch in unseren <a href=\"https:\/\/www.aseasyas.de\/wordpress\/agb\">AGB<\/a>.\u00a0<\/p>\n<p>[\/et_pb_accordion_item][\/et_pb_accordion][\/et_pb_column][\/et_pb_row][et_pb_row _builder_version=&#8220;4.23.1&#8243; _module_preset=&#8220;default&#8220; global_colors_info=&#8220;{}&#8220;][et_pb_column type=&#8220;4_4&#8243; _builder_version=&#8220;4.23.1&#8243; _module_preset=&#8220;default&#8220; global_colors_info=&#8220;{}&#8220;][et_pb_text _builder_version=&#8220;4.24.3&#8243; text_line_height=&#8220;1.8em&#8220; header_2_font_size=&#8220;72px&#8220; text_orientation=&#8220;center&#8220; max_width=&#8220;750px&#8220; module_alignment=&#8220;center&#8220; text_font_size_tablet=&#8220;16px&#8220; text_font_size_phone=&#8220;15px&#8220; text_font_size_last_edited=&#8220;on|phone&#8220; header_2_font_size_tablet=&#8220;48px&#8220; header_2_font_size_phone=&#8220;32px&#8220; header_2_font_size_last_edited=&#8220;on|phone&#8220; global_colors_info=&#8220;{}&#8220;]<\/p>\n<h4>Falls du keine Antwort findest, schreib&#8216; uns eine Mail mit deiner Frage an support@aseasyas.de<\/h4>\n<p>[\/et_pb_text][\/et_pb_column][\/et_pb_row][\/et_pb_section]<\/p>\n","protected":false},"excerpt":{"rendered":"<p>F.A.Q. Hier findest du Antworten auf deine FragenFragen zum Kauf: Soll ich oder soll ich nicht?Fragen rund um die AppAlle unsere Kurse bekommst du direkt in einer App auf deinem Handy. Schau dir dazu unser am besten unser Video an. Das findest du hier. Wenn du keine App nutzen m\u00f6chtest, kannst du dich \u00fcber deinen [&hellip;]<\/p>\n","protected":false},"author":1,"featured_media":0,"parent":0,"menu_order":0,"comment_status":"closed","ping_status":"closed","template":"","meta":{"_et_pb_use_builder":"on","_et_pb_old_content":"","_et_gb_content_width":"","footnotes":""},"class_list":["post-7792","page","type-page","status-publish","hentry"],"yoast_head":"<!-- This site is optimized with the Yoast SEO plugin v21.3 - https:\/\/yoast.com\/wordpress\/plugins\/seo\/ -->\n<title>FAQ - as easy as<\/title>\n<meta name=\"robots\" content=\"index, follow, max-snippet:-1, max-image-preview:large, max-video-preview:-1\" \/>\n<link rel=\"canonical\" href=\"https:\/\/aseasyas.de\/wordpress\/faq\/\" \/>\n<meta property=\"og:locale\" content=\"de_DE\" \/>\n<meta property=\"og:type\" content=\"article\" \/>\n<meta property=\"og:title\" content=\"FAQ - as easy as\" \/>\n<meta property=\"og:description\" content=\"F.A.Q. Hier findest du Antworten auf deine FragenFragen zum Kauf: Soll ich oder soll ich nicht?Fragen rund um die AppAlle unsere Kurse bekommst du direkt in einer App auf deinem Handy. Schau dir dazu unser am besten unser Video an. Das findest du hier. Wenn du keine App nutzen m\u00f6chtest, kannst du dich \u00fcber deinen [&hellip;]\" \/>\n<meta property=\"og:url\" content=\"https:\/\/aseasyas.de\/wordpress\/faq\/\" \/>\n<meta property=\"og:site_name\" content=\"as easy as\" \/>\n<meta property=\"article:modified_time\" content=\"2024-04-29T07:59:03+00:00\" \/>\n<meta name=\"twitter:card\" content=\"summary_large_image\" \/>\n<script type=\"application\/ld+json\" class=\"yoast-schema-graph\">{\"@context\":\"https:\/\/schema.org\",\"@graph\":[{\"@type\":\"WebPage\",\"@id\":\"https:\/\/aseasyas.de\/wordpress\/faq\/\",\"url\":\"https:\/\/aseasyas.de\/wordpress\/faq\/\",\"name\":\"FAQ - as easy as\",\"isPartOf\":{\"@id\":\"https:\/\/aseasyas.de\/wordpress\/#website\"},\"datePublished\":\"2023-11-10T11:13:18+00:00\",\"dateModified\":\"2024-04-29T07:59:03+00:00\",\"inLanguage\":\"de\",\"potentialAction\":[{\"@type\":\"ReadAction\",\"target\":[\"https:\/\/aseasyas.de\/wordpress\/faq\/\"]}]},{\"@type\":\"WebSite\",\"@id\":\"https:\/\/aseasyas.de\/wordpress\/#website\",\"url\":\"https:\/\/aseasyas.de\/wordpress\/\",\"name\":\"as easy as\",\"description\":\"\",\"potentialAction\":[{\"@type\":\"SearchAction\",\"target\":{\"@type\":\"EntryPoint\",\"urlTemplate\":\"https:\/\/aseasyas.de\/wordpress\/?s={search_term_string}\"},\"query-input\":\"required name=search_term_string\"}],\"inLanguage\":\"de\"}]}<\/script>\n<!-- \/ Yoast SEO plugin. -->","yoast_head_json":{"title":"FAQ - as easy as","robots":{"index":"index","follow":"follow","max-snippet":"max-snippet:-1","max-image-preview":"max-image-preview:large","max-video-preview":"max-video-preview:-1"},"canonical":"https:\/\/aseasyas.de\/wordpress\/faq\/","og_locale":"de_DE","og_type":"article","og_title":"FAQ - as easy as","og_description":"F.A.Q. Hier findest du Antworten auf deine FragenFragen zum Kauf: Soll ich oder soll ich nicht?Fragen rund um die AppAlle unsere Kurse bekommst du direkt in einer App auf deinem Handy. Schau dir dazu unser am besten unser Video an. Das findest du hier. Wenn du keine App nutzen m\u00f6chtest, kannst du dich \u00fcber deinen [&hellip;]","og_url":"https:\/\/aseasyas.de\/wordpress\/faq\/","og_site_name":"as easy as","article_modified_time":"2024-04-29T07:59:03+00:00","twitter_card":"summary_large_image","schema":{"@context":"https:\/\/schema.org","@graph":[{"@type":"WebPage","@id":"https:\/\/aseasyas.de\/wordpress\/faq\/","url":"https:\/\/aseasyas.de\/wordpress\/faq\/","name":"FAQ - as easy as","isPartOf":{"@id":"https:\/\/aseasyas.de\/wordpress\/#website"},"datePublished":"2023-11-10T11:13:18+00:00","dateModified":"2024-04-29T07:59:03+00:00","inLanguage":"de","potentialAction":[{"@type":"ReadAction","target":["https:\/\/aseasyas.de\/wordpress\/faq\/"]}]},{"@type":"WebSite","@id":"https:\/\/aseasyas.de\/wordpress\/#website","url":"https:\/\/aseasyas.de\/wordpress\/","name":"as easy as","description":"","potentialAction":[{"@type":"SearchAction","target":{"@type":"EntryPoint","urlTemplate":"https:\/\/aseasyas.de\/wordpress\/?s={search_term_string}"},"query-input":"required name=search_term_string"}],"inLanguage":"de"}]}},"_links":{"self":[{"href":"https:\/\/aseasyas.de\/wordpress\/wp-json\/wp\/v2\/pages\/7792","targetHints":{"allow":["GET"]}}],"collection":[{"href":"https:\/\/aseasyas.de\/wordpress\/wp-json\/wp\/v2\/pages"}],"about":[{"href":"https:\/\/aseasyas.de\/wordpress\/wp-json\/wp\/v2\/types\/page"}],"author":[{"embeddable":true,"href":"https:\/\/aseasyas.de\/wordpress\/wp-json\/wp\/v2\/users\/1"}],"replies":[{"embeddable":true,"href":"https:\/\/aseasyas.de\/wordpress\/wp-json\/wp\/v2\/comments?post=7792"}],"version-history":[{"count":44,"href":"https:\/\/aseasyas.de\/wordpress\/wp-json\/wp\/v2\/pages\/7792\/revisions"}],"predecessor-version":[{"id":9151,"href":"https:\/\/aseasyas.de\/wordpress\/wp-json\/wp\/v2\/pages\/7792\/revisions\/9151"}],"wp:attachment":[{"href":"https:\/\/aseasyas.de\/wordpress\/wp-json\/wp\/v2\/media?parent=7792"}],"curies":[{"name":"wp","href":"https:\/\/api.w.org\/{rel}","templated":true}]}}